h - 683, 5*h = 5*j - 440. Calculate the greatest common factor of j and 34.
17
Suppose -4*s + 14 = 6. Let d be (-2*1)/((-2)/s). Suppose d = z - 1. What is the greatest common divisor of z and 24?
3
Suppose 0*b + 111 = g + 5*b, 4*b - 492 = -5*g. What is the greatest common factor of 64 and g?
32
Let s(u) = u**2 - 7*u - 6. Let p be s(9). Calculate the greatest common factor of 36 and p.
12
Suppose 0*m - 50 = -m. Suppose 13 = -2*i + 5*n, -n - 3*n = 5*i - m. What is the greatest common factor of 4 and i?
2
Let o(h) = -h + 6. Let q be ((-2)/2)/((-2)/10). Let u be o(q). Let i = 2 + u. What is the greatest common factor of i and 33?
3
Let g(i) = -11*i + i + i + i. Let a be g(-1). Calculate the greatest common divisor of 20 and a.
4
Let p = 7 + -3. What is the highest common divisor of p and 36?
4
Let u = 32 - -10. What is the greatest common factor of u and 56?
14
Suppose -s + 28 = 5*q, 5*q - 60 = -s - 4*s. Let m be s/(-6)*(-27)/2. Let i(f) = f**2 + 2*f + 1. Let n be i(2). Calculate the greatest common divisor of m and n.
9
Let t(x) = 4*x**2 + 5*x**2 + 9*x**2 + x + 0*x**2. Let y be t(1). What is the highest common divisor of y and 19?
19
Let y(v) = v**2 + 5*v. Suppose 2*g - 21 = -g. Let i be y(g). What is the highest common factor of i and 12?
12
Let b(y) = -y**2 + 10*y - 8. Suppose 3*v - 7 - 8 = 0. Let d be b(v). Calculate the highest common divisor of d and 85.
17
Let t be (-9)/((-9)/10) - 4. What is the highest common divisor of 3 and t?
3
Suppose -9*k - 5*k + 1666 = 0. What is the highest common divisor of 17 and k?
17
Suppose -3*g - 26 = -2*b, 26 = 3*b - b + 2*g. Let p(q) = q**3 - 2*q**2 + 2*q + 6. Let r be p(5). What is the highest common factor of b and r?
13
Suppose 0 = -m - 3*h + 145, m + 2*h - 270 = -m. Calculate the greatest common divisor of m and 26.
26
Let x be (-194)/(-8) + 3/(-12). What is the greatest common divisor of 6 and x?
6
Let h be 2 - (262*2)/(-2). Suppose -z + h = 2*z. Let l = 13 - 2. Calculate the highest common divisor of l and z.
11
Let h(c) = -c**3 + 3*c**2 + 6*c - 4. Let k be h(4). Let w(o) = o + 1. Let j be w(3). Calculate the highest common factor of k and j.
4
Suppose l - 2*t - 141 = 0, 4*l - t - 544 = -3*t. Suppose 0 = -4*g + 223 + l. Calculate the highest common factor of 10 and g.
10
Suppose -8*c + 7*c = 0. Suppose 0 = -5*s + 15 - c. Calculate the highest common divisor of 21 and s.
3
Suppose j = -2*m + 329, -5*m + 2*j = -2*j - 790. Calculate the highest common divisor of m and 18.
18
Suppose 0 = -j + 5*s + 3, 0 = 2*j - 6*j - 3*s + 12. Let k be (2 - 3/j)*1. Suppose c - k = -0*c. What is the highest common factor of 8 and c?
1
Let z(r) = 0*r - 3*r + 2*r. Let x be (-32)/80*(4 + 1). Let o be z(x). What is the greatest common divisor of o and 14?
2
Let m be (26/(-3))/(2/(-3)). Suppose m = i + 1. Let a be (2 - 112)*12/(-10). Calculate the greatest common factor of i and a.
12
Suppose -23 = -4*a + 97. Suppose 0 = -19*k + 7*k + 120. Calculate the highest common divisor of k and a.
10
Suppose -5*d = -127 - 133. Calculate the greatest common factor of 130 and d.
26
Let o be 3/(-4)*(-8)/2. Suppose -c - 2*c + 18 = o*d, -15 = -5*d. Calculate the highest common divisor of 12 and c.
3
Let r = 303 - 114. Suppose -r = -5*o + 246. Calculate the greatest common factor of o and 29.
29
Suppose -4*c + 4*h + 201 = 1, -3*c - 5*h = -158. What is the highest common divisor of c and 34?
17
Suppose -6*k + 5*k + l + 8 = 0, -2*k = -5*l - 4. Calculate the highest common factor of k and 180.
12
Let i(p) = -p**2 + 8*p - 5. Let t be i(4). Let s(v) = v**3 + 6 + 7*v**2 - 3 + 2. Let z be s(-5). What is the highest common factor of z and t?
11
Let c = -109 - -204. Calculate the greatest common divisor of c and 38.
19
Suppose -15*w + 88 = -14*w. What is the greatest common factor of w and 16?
8
Suppose -1 + 46 = -3*r. Let o = 8 + 12. Let n be ((-6)/r + 0)*o. Calculate the greatest common factor of n and 56.
8
Let j = 18 - 13. Suppose -2*x - 3*p + 14 = 0, 2*x - j*p = -10*p + 14. Calculate the greatest common divisor of 21 and x.
7
Let s be (5/(-15))/(4/(-36)). Calculate the highest common factor of s and 24.
3
Let l = 9 + -3. Suppose -2*b + 7*b = 300. What is the highest common factor of b and l?
6
Let h(l) = 2*l**3 - 4*l**2 + 3*l - 2. Let a be h(2). Let q = 17 + -16. Calculate the highest common factor of q and a.
1
Let h(m) = -25*m - 5. Let y be h(-5). Let t(s) = -s**2 - 8*s. Let p be 5/((2/(-1))/2). Let v be t(p). Calculate the highest common divisor of y and v.
15
Let x be (253 - 1)/(-22 + 23). Calculate the highest common divisor of 36 and x.
36
Let m(w) = -14*w - 1. Let o be m(-1). Suppose 4*z - 2 = 2*z. Let l be (-117)/(-12)*(z - -11). Calculate the highest common factor of o and l.
13
Suppose -6 = -3*r - 0*r. Suppose -r + 30 = c. Suppose 5 = -3*s + 47. Calculate the highest common divisor of c and s.
14
Let f(d) = 2*d**3 + d. Let s be f(1). Suppose o + 173 = 3*o - 5*r, 3*r - 249 = -s*o. Calculate the greatest common factor of o and 12.
12
Let i = 335 - 137. Suppose -n - 2 - 24 = -k, 0 = 3*k - 4*n - 82. Calculate the highest common divisor of i and k.
22
Let o = -7 - -31. Suppose 173 = 5*r - 667. Calculate the greatest common factor of o and r.
24
Let t = -34 + 49. Suppose 0 = 4*i + i - 825. Calculate the highest common divisor of t and i.
15
Suppose 5*b = 3*t - 505, 5*t - 3*b = 3*t + 336. Let m = 89 + -74. What is the greatest common divisor of t and m?
15
Let u(o) = -o**3 - 2*o**2 + 6*o + 9. Let d be u(-6). Calculate the highest common divisor of d and 13.
13
Let i = 3 - 4. Let j(r) = -6*r**3 + r**2 + 2*r + 1. Let g be j(i). Calculate the highest common factor of 12 and g.
6
Suppose 14 = 14*n - 12*n. Calculate the greatest common divisor of 14 and n.
7
Let u(c) = c**2 + 9*c + 7. Let f be u(-6). Let i = f - -35. What is the highest common divisor of i and 36?
12
Let m be (-4 + 30/5)/2. What is the greatest common divisor of 4 and m?
1
Let r be 16/(-24) + 1/(-3). Let n be ((-9)/12)/(r/12). Calculate the greatest common divisor of n and 9.
9
Suppose -4*c + 289 = 3*k, -3*k - 505 = -8*k + 5*c. Let t(z) = -2*z**3 + 16*z**2 + 2*z - 5. Let y be t(8). What is the greatest common factor of y and k?
11
Suppose -6*j + 91 = j. What is the highest common divisor of j and 221?
13
Let l be (640 - -86)*(0 - (-1)/3). What is the greatest common divisor of l and 22?
22
Let z = 8 + 20. What is the greatest common divisor of z and 14?
14
Let p(z) = 9*z**2 - 2*z + 3. Let a be p(1). Calculate the highest common factor of 50 and a.
10
Suppose -294 = 3*r - 894. Suppose -4*t + 21 = p, -5*p - 6*t + 2*t = -121. What is the highest common factor of r and p?
25
Let a be 2/5 - 18/(-5). Let h(w) = -2 - w + 7 + 1 + 2. Let q be h(6). What is the highest common divisor of a and q?
2
Let s(a) = -a**2 + 3*a - 3. Let w be s(3). Let u be w/(-12) + 11/4. Let h be (u/(-4))/(2/(-56)). Calculate the highest common factor of h and 14.
7
Let x(w) = -w - 2. Let y be x(-2). Let i = y + 6. Let r be ((1 - 2) + 2)*i. What is the highest common divisor of r and 48?
6
Let t be 5*1*72/45. Let k be 4/(-14) + 1012/14. What is the highest common factor of t and k?
8
Let l(k) = 3*k**3 + k**2 - 1. Let v be l(1). Let t = 9 - v. Let w be 7 - (-9 - (-9 - -5)). What is the highest common divisor of w and t?
6
Let h(v) = -v + 12. Let w be h(9). Suppose -5*c - 2 = j, -4*c = w*j - c - 42. Calculate the greatest common factor of 45 and j.
9
Suppose 4*d + 4*s - 24 = 0, 4*s - 13 - 5 = 2*d. Let o = 1 + d. Calculate the greatest common factor of o and 2.
2
Suppose 1 = c + 3. Let v be (-15)/2*(-4 - c). Suppose -1 = -q - n - n, 5 = -5*n. What is the highest common factor of v and q?
3
Let a(g) = -6*g - 47. Let b be a(-12). What is the highest common factor of b and 15?
5
Suppose r = -5*c + 6, 2*r + 22 = 5*c - r. Let z be 25 + -2 - (c - 3). What is the greatest common divisor of 12 and z?
12
Let r = -44 + 65. What is the greatest common divisor of 231 and r?
21
Let n = 15 + -9. Let b(p) = p**2 + 2*p + 6. Let y be b(0). Calculate the highest common divisor of n and y.
6
Suppose -c = 2*u + 3, -4*c = -2*u - 16 - 22. Let g(y) = y**2 - 9. Let s be g(-4). Calculate the highest common factor of c and s.
7
Suppose -2*o + 748 = g - 2*g, -4*g + 1100 = 3*o. Let a be 0 - o/(-7 + 3). What is the highest common divisor of 6